 digit of c + (-4 - -4) - -7?
6
Suppose 7*h - 2*t = 2*h + 6275, 0 = -3*h - 5*t + 3796. What is the units digit of h?
7
Let d(x) = -2*x - 1. Let s be d(-2). Let f = -13 - -16. Suppose -f*h = 2*w - 5*w + 30, -s*w - 4*h + 58 = 0. What is the tens digit of w?
1
Suppose 3*r = -2*z - 4160 + 12134, -10652 = -4*r + 4*z. What is the thousands digit of r?
2
Suppose 1650 = 12*c - c. What is the units digit of c?
0
Let s be (8/(-10))/(-2*4/1040). Let a = 108 - s. What is the units digit of a?
4
Let a be (-36)/(-48) + 9/4. Suppose -6 = 4*u + 3*w, -a*u = 4*w - 0 + 1. What is the tens digit of (-5076)/(-84) - u/(-7)?
6
What is the tens digit of -62*22*(-3)/2?
4
Let x = -192 + 293. Suppose -2*c + 0*f - 5*f = -x, 5*f + 235 = 5*c. What is the tens digit of c?
4
Let n be (-18)/(-8)*(-200)/(-30). Suppose 5*s = -n, 4*q + 6*s - s = -7. What is the units digit of q?
2
Let n(z) be the first derivative of -3*z**2 + 5*z + 8. What is the tens digit of n(-6)?
4
Let m = 475 + -260. What is the tens digit of m?
1
Suppose 8*o - 12*o = -76. Let n = -14 + o. Suppose 0 = 4*l - 2*q - 1 - 5, n*l + 3*q = 35. What is the units digit of l?
4
Suppose 27*v = 61*v - 52258. What is the tens digit of v?
3
Let r(f) = 11*f**2 + f + 27. What is the hundreds digit of r(-6)?
4
Let y = -584 + 829. What is the hundreds digit of y?
2
Suppose 8*n - 2539 = 1109. What is the hundreds digit of n?
4
Suppose 3474 = 5*q - 2*j, 7*q = 4*q + 4*j + 2090. What is the tens digit of q?
9
Let d = 135 + 337. What is the units digit of d?
2
Let m = -689 - -1905. What is the hundreds digit of m?
2
Let t be ((-2)/(-5))/(4/20). Suppose 3*c = -4*w + 522, -2*c = -t*w + 8 - 370. What is the units digit of c?
8
Suppose -r = -2, -4*o - o = 3*r - 111. What is the tens digit of ((-228)/o)/((-6)/21)?
3
Let m be 226/(-3) - (-8)/(-12). Let j = -27 - m. What is the units digit of j?
9
Suppose 853*s = 860*s - 5635. What is the tens digit of s?
0
Suppose -2*o = 5*m - 286, 5*o - 4*m - 652 = 96. What is the hundreds digit of o?
1
Suppose 6*j - 48 = 4*j. Suppose 0*h - 2*h + j = 0. Suppose -5*m - 7 + 43 = 3*u, -4*m = u - h. What is the tens digit of u?
1
Suppose t + 12308 = 4*s, 23*s + 4*t + 12296 = 27*s. What is the hundreds digit of s?
0
Suppose 2*p + 22*p - 3168 = 0. What is the tens digit of p?
3
Let p(d) = 2*d - 8. Let q(m) = 2*m - 7. Let o(b) = -6*p(b) + 7*q(b). Let a be o(0). What is the tens digit of (a/(-1))/(6/186)?
3
Suppose -114 = -5*o - 24. Let c be (-2)/(-13) + 63/13. Suppose -3*i - u = -i - o, -34 = -c*i + 3*u. What is the units digit of i?
8
What is the hundreds digit of ((-4992)/(-9))/((-2)/(-3))?
8
Suppose 8*u + 3800 = 2*i, -3*i + 4*i - 5*u - 1904 = 0. What is the thousands digit of i?
1
What is the units digit of ((0 - -2) + 5 - 5) + 4124?
6
Suppose -3*n - 5*p = -4*n + 53, p - 143 = -3*n. What is the units digit of n?
8
Suppose -6 = 7*l - 20. Suppose 0 = 3*c - a - 492, -4*c + l*a + 0*a = -654. What is the hundreds digit of c?
1
Suppose 8*q - 996 = 14*q. Let g = -9 - q. What is the hundreds digit of g?
1
Suppose 2*x + 3*x + 5*h = 0, -5*x = 3*h - 4. Let j(v) = -9*v + 4*v**x - 2*v**2 - 1 - 3*v**2. What is the units digit of j(-6)?
7
Let q = -9202 + 13000. What is the tens digit of q?
9
Let v(l) = -2*l**2 - 4*l + 6. Let r be v(5). Let m be (-20)/(-12) + -1 - (-292)/3. Let t = m + r. What is the units digit of t?
4
Let u = -191 + 452. Let d = u + 6. What is the hundreds digit of d?
2
Suppose -3*p = -3, w - 28 = -4*w + 2*p. Let k(h) = 0*h**2 - 3*h + 4*h + w*h**2 - 3 - 3*h**2. What is the units digit of k(-3)?
1
Suppose 0*y = -p - 2*y + 10, -2*y = -6. Suppose 2*f + 2 = 0, 0 = -4*u + f + 19 - 6. Suppose 2*g + p = u*g. What is the units digit of g?
4
Suppose 15*o = -4*o + 11343. What is the hundreds digit of o?
5
Suppose 0 = -0*g - 2*g + 234. Let b = 196 - g. What is the tens digit of b?
7
Let v(x) = x**3 + 5*x**2 - 5*x + 1. Let f be -4 - (-1 - 3) - 13. Let k = -18 - f. What is the tens digit of v(k)?
2
Let x(j) be the first derivative of j**4/4 + j**2/2 + 2*j - 5. Let d be x(0). Suppose -30 + 90 = d*g. What is the units digit of g?
0
Let y(q) = -16*q + 163. Let k be y(10). Let a(o) = 2*o. Let w be a(3). What is the units digit of 27 + w/(k + -1)?
0
Let x be (-3 + -1 + 2)*-2. Suppose -80 = -x*t + 2*t. What is the units digit of 2/(((-36)/t)/(-9))?
0
Let k(g) = -15*g - 50*g - 2*g**2 + 23*g - 13. What is the tens digit of k(-14)?
8
Let z be 230/70 + (-4)/14. Let m(g) = -g**3 + 4*g**2 - g - 2. Let f be m(z). Suppose 0 = -f*l - c + 29, 2*l + 7*c - 1 = 2*c. What is the units digit of l?
8
Let b(p) = p**2 - 23*p - 6. Let u be b(11). Let q = u - -208. What is the units digit of q?
0
Let t = 676 + -480. Suppose -k + 100 = 2*u, 0 = 4*u - 2*k - t + 12. What is the tens digit of u?
4
Let q(w) be the third derivative of -w**4/12 + 4*w**3/3 - 7*w**2. Let h be q(3). Suppose -h*l = -4*t - 58, -5*l + 4*l - 5*t = -22. What is the units digit of l?
7
Let b(r) = -7*r + 32. Let f be b(5). Let j(s) = -36*s - 9. What is the units digit of j(f)?
9
Let v(x) = 50*x**2 - 3*x - 7. What is the thousands digit of v(-5)?
1
Suppose -4*x + 6 = s, 36 = -3*s - 2*s + 2*x. What is the units digit of (-3 + 6)*(-8)/s?
4
Suppose 52 = -6*g - 56. What is the tens digit of (20/6)/((-2)/g)?
3
Let x = -304 + 731. What is the units digit of x?
7
Let h(a) = 1 + a - 8 + 3 + 0*a. Let t be h(4). Suppose 27 = 3*j + 3*y, 3*j - 3*y - 29 - 16 = t. What is the units digit of j?
2
Suppose j = 3*i - 5810 + 1990, 2*i - 2547 = j. What is the thousands digit of i?
1
Let h = 28 + 66. What is the units digit of h?
4
Let q(b) = -71*b - 604. What is the tens digit of q(-41)?
0
Let x(w) = -30*w - 143. What is the units digit of x(-8)?
7
Let s(o) = 36*o**3 - 13*o**2 - 3*o - 32. What is the tens digit of s(5)?
2
Suppose 0 = 2*f + 2*f - 624. Suppose 4*k = -2*c + f, -5*k - 2*c + c + 195 = 0. What is the tens digit of (-12)/10*(-520)/k?
1
Suppose 4*u + u = -10. What is the units digit of (3 - (-2 + u))/((-3)/(-33))?
7
Suppose 0 = k + s - 3244 + 233, -5*k + 3*s = -15087. What is the units digit of k?
5
Let y be ((-2)/(-5))/(4/300). Suppose y*h = 33*h - 12. Let b = h + 23. What is the units digit of b?
7
Let j(p) = -p**3 - 7*p**2 - 210*p - 21. What is the tens digit of j(-14)?
9
Let d(q) = 5*q**2 - 11*q - 16. Let v be d(-7). Suppose -207 = -9*p + v. What is the tens digit of p?
5
What is the units digit of 4/(-6) + 150/72*404?
1
Let w be (-90)/78 - 4/(-26). What is the tens digit of (0 + 2)/w + 5 - -8?
1
Let b = 32 - 26. Suppose 12*x - 9*x - b = 0. Suppose -x*i + 83 = -5*z, 5*z + 137 = 2*i + i. What is the tens digit of i?
5
Let u be (15/45)/(2/12) - -3. Suppose -3*n = 2*x - 5*n - 184, 4*x - u*n = 368. What is the tens digit of x?
9
Suppose 975 = 17*f - 4244. Let d = f - 147. What is the hundreds digit of d?
1
Suppose -b - 2*p = -9, -3*p = 4*b - 33 + 12. Suppose -w = b*w. Suppose w = -2*i + 5 - 1. What is the units digit of i?
2
Let c be 9/(-15) - 96/15. Let f be c/((-21)/222) + -1. Let m = f + -14. What is the tens digit of m?
5
Let t(d) = 2*d - 30*d**3 - 14 + 35 - 20. Let o be t(-1). Let n = 44 - o. What is the tens digit of n?
1
Let q(p) = p**3 + p**2 + p + 1. Let g(a) = -6*a**3 - 5*a - 7. Let n(s) = -g(s) - 5*q(s). Let t be n(5). Suppose -t = 2*w - 6. What is the units digit of w?
2
What is the tens digit of 51/68 + 1983/12?
6
What is the thousands digit of (96/18)/(14/9093)?
3
Suppose -z = -0 - 5. Let h be 20/z - 2/(-1). Suppose -h*x + 375 = 111. What is the tens digit of x?
4
Let t = 20 - 240. Let u = t - -407. What is the units digit of u?
7
Suppose 4*g = -3*n + 95, -4*g - 5*n = -96 + 7. Suppose -3*w - 4*j - 6 = 5, -2*w - g = -2*j. What is the units digit of 3/w + (-654)/(-18)?
6
Let t be (-2*(-6)/(-4))/((-27)/549). Suppose -t - 24 = -f. What is the tens digit of f?
8
Suppose 97*t = 96*t + 160. What is the tens digit of t?
6
Let f(q) = q**3 - 4*q**2 - 15*q + 1. Let a be f(6). Let b = a - -96. What is the units digit of b?
9
Let x be (16/20)/((-2)/(-395)). Let d(y) = -8*y + 9. Let s be d(3). What is the units digit of s/20 + x/8?
9
Let c(j) be the first derivative of 3*j**2/2 - 20*j - 3. Let l be c(8). Suppose 139 = l*x - 5. What is the units digit of x?
6
Suppose 5*g - 360 = -4*x, 4*g + 2*x = -2*x + 292. Let i = g - 30. What is the units digit of i?
8
What is the hundreds digit 